alse
Is 14785 a composite number?
True
Is 929053 a prime number?
False
Is 138139 a composite number?
False
Is 479863 composite?
True
Is 7262 a composite number?
True
Is 21269 a composite number?
False
Is 112663 prime?
True
Is 6821 prime?
False
Is 1561 a prime number?
False
Is 5171 composite?
False
Is 5623 composite?
False
Is 1927 prime?
False
Is 10037 composite?
False
Is 1094 composite?
True
Is 23509 prime?
True
Is 126097 a composite number?
False
Is 2371 prime?
True
Is 36871 a prime number?
True
Is 955 a composite number?
True
Is 753029 prime?
False
Is 3669 prime?
False
Is 17769 a prime number?
False
Is 125699 prime?
False
Is 921 prime?
False
Is 26981 a prime number?
True
Is 24361 prime?
False
Is 301577 a composite number?
False
Is 1238455 a prime number?
False
Is 179 composite?
False
Is 34363 a prime number?
False
Is 3371 a composite number?
False
Is 20437 a prime number?
False
Is 60586 prime?
False
Is 4557433 composite?
False
Is 218923 a prime number?
True
Is 99871 a prime number?
True
Is 191351 a prime number?
False
Is 12871 a prime number?
False
Is 131233 composite?
True
Is 50473 a composite number?
True
Is 21427 composite?
True
Is 52147 a composite number?
False
Is 389981 prime?
True
Is 90989 a composite number?
False
Is 10399 prime?
True
Is 14813 a composite number?
False
Is 117235 composite?
True
Is 373487 prime?
True
Is 59699 composite?
False
Is 5557 a prime number?
True
Is 349157 composite?
True
Is 7822 prime?
False
Is 152587 prime?
False
Is 13553 composite?
False
Is 28199 a composite number?
True
Is 49957 a prime number?
True
Is 50207 a composite number?
False
Is 752009 a composite number?
False
Is 809231 a composite number?
False
Is 4987 a composite number?
False
Is 3491 a prime number?
True
Is 8999 a composite number?
False
Is 7085041 a composite number?
False
Is 1070821 composite?
True
Is 2779 a composite number?
True
Is 3643 prime?
True
Is 131759 prime?
True
Is 35831 a prime number?
True
Is 239551 composite?
True
Is 16943 a composite number?
False
Is 4063 prime?
False
Is 1171 a prime number?
True
Is 362521 a prime number?
True
Is 177589 prime?
True
Is 21089 prime?
True
Is 673847 a composite number?
True
Is 2177 prime?
False
Is 10391 prime?
True
Is 43157 prime?
False
Is 268111 prime?
False
Is 88547 composite?
False
Is 65531 a composite number?
True
Is 317 a prime number?
True
Is 67043 prime?
True
Is 15013 a composite number?
False
Is 20929 prime?
True
Is 6443 composite?
True
Is 3492461 a prime number?
False
Is 24223 prime?
True
Is 249911 prime?
True
Is 85 a composite number?
True
Is 21923 a composite number?
True
Is 20005 a composite number?
True
Is 307841 a composite number?
True
Is 242365 prime?
False
Is 65827 composite?
False
Is 10299 prime?
False
Is 183047 a composite number?
False
Is 272659 composite?
False
Is 2161 prime?
True
Is 261977 composite?
False
Is 103183 a composite number?
False
Is 20959 a composite number?
False
Is 137477 composite?
False
Is 8057 prime?
False
Is 6893 composite?
True
Is 2473 a composite number?
False
Is 65621 a composite number?
True
Is 2894 composite?
True
Is 59702 composite?
True
Is 51771 a prime number?
False
Is 8285 a composite number?
True
Is 122882 a prime number?
False
Is 5714 a composite number?
True
Is 45161 a prime number?
True
Is 54041 a composite number?
True
Is 3639 a composite number?
True
Is 328037 composite?
False
Is 24515 a prime number?
False
Is 201043 a prime number?
False
Is 1822 composite?
True
Is 143449 composite?
True
Is 39383 prime?
True
Is 3551 composite?
True
Is 60859 prime?
True
Is 967151 a composite number?
True
Is 220123 composite?
False
Is 62093 a prime number?
False
Is 101391 composite?
True
Is 261577 prime?
True
Is 27971 a prime number?
False
Is 91501 a prime number?
False
Is 25391 a prime number?
True
Is 797 prime?
True
Is 5158 a prime number?
False
Is 44378 a composite number?
True
Is 12889 composite?
False
Is 35809 composite?
False
Is 166577 a prime number?
False
Is 7135 composite?
True
Is 3761 prime?
True
Is 26309 a composite number?
False
Is 32605 a prime number?
False
Is 344495 composite?
True
Is 42281 composite?
False
Is 153971 a prime number?
False
Is 176977 prime?
True
Is 112237 prime?
True
Is 10477 composite?
False
Is 31687 a composite number?
False
Is 114671 a prime number?
True
Is 101419 composite?
False
Is 84207 prime?
False
Is 44351 a prime number?
True
Is 349513 prime?
False
Is 459419 a prime number?
False
Is 659597 a composite number?
False
Is 1473 composite?
True
Is 884095 a prime number?
False
Is 64501 prime?
False
Is 71731 composite?
True
Is 78137 composite?
False
Is 6521 a composite number?
False
Is 11185 composite?
True
Is 794746 composite?
True
Is 11341 a composite number?
True
Is 151157 a composite number?
False
Is 55007 a composite number?
True
Is 44327 prime?
False
Is 1185281 prime?
True
Is 5963 a prime number?
False
Is 49007 a prime number?
False
Is 39007 a composite number?
True
Is 72997 prime?
True
Is 8209 a prime number?
True
Is 500217 composite?
True
Is 11291 prime?
False
Is 4621 a prime number?
True
Is 318103 composite?
False
Is 529823 prime?
False
Is 1709 composite?
False
Is 818011 a composite number?
False
Is 529411 prime?
True
Is 156007 composite?
False
Is 21133 composite?
True
Is 1481 a prime number?
True
Is 142697 prime?
True
Is 4391 a composite number?
False
Is 23179 a composite number?
True
Is 28843 prime?
True
Is 10651 a prime number?
True
Is 351853 a composite number?
True
Is 8641 a composite number?
False
Is 15277 composite?
False
Is 396977 prime?
False
Is 314851 composite?
False
Is 15891 composite?
True
Is 4665751 composite?
False
Is 35237 composite?
True
Is 1093497 prime?
False
Is 139501 a composite number?
False
Is 5631 a prime number?
False
Is 853269 prime?
False
Is 56521 composite?
True
Is 4177 composite?
False
Is 5269 composite?
True
Is 19277 prime?
False
Is 3043 a composite number?
True
Is 9521 a composite number?
False
Is 1009 prime?
True
Is 2761 prime?
False
Is 6753 prime?
False
Is 1621 prime?
True
Is 123659 a prime number?
False
Is 17851 composite?
False
Is 22367 prime?
True
Is 6387 a composite number?
True
Is 20299 prime?
False
Is 1218557 a prime number?
True
Is 135697 composite?
False
Is 38882 prime?
False
Is 7001 a composite number?
False
Is 34577 a composite number?
True
Is 64495 a composite number?
True
Is 16969 a composite number?
True
Is 283663 a composite number?
True
Is 34197 composite?
True
Is 12451 a prime number?
True
Is 58019 composite?
True
Is 204767 a composite number?
True
Is 105739 a composite number?
True
Is 134755 prime?
False
Is 1292251 a prime number?
True
Is 7217 prime?
False
Is 36997 composite?
False
Is 14737 a composite number?
False
Is 24499 composite?
False
Is 689 a composite number?
True
Is 57207 composite?
True
Is 613 a composite number?
False
Is 615521 a composite number?
False
Is 14387 prime?
True
Is 2777 a composite number?
False
Is 417839 a composite number?
False
Is 34057 composite?
False
Is 200771 prime?
True
Is 10817 composite?
True
Is 292969 a composite number?
False
Is 33622 composite?
True
Is 217253 prime?
True
Is 68626 a composite number?
True
Is 202953 a composite number?
True
Is 31009 a composite number?
True
Is 7639 a composite number?
False
Is 1432103 a prime number?
True
Is 330611 prime?
True
Is 17509 a prime number?
True
Is 313471 prime?
True
Is 1834447 a composite number?
False
Is 65353 a prime number?
True
Is 38899 a composite number?
True
Is 666799 prime?
False
Is 103409 prime?
True
Is 6679 prime?
True
Is 26627 a composite number?
False
Is 5669 a prime number?
True
Is 16486 a prime number?
False
Is 74687 composite?
False
Is 150847 composite?
False
Is 283027 composite?
False
Is 226087 a composite number?
False
Is 73591 prime?
False
Is 83023 composite?
False
Is 5638 composite?
True
Is 898 a composite number?
True
Is 28601 composite?
True
Is 911413 a composite number?
False
Is 4019 prime?
True
Is 2918 a prime number?
False
Is 9587 a prime number?
True
Is 10217 composite?
True
Is 6991817 prime?
False
Is 2119 prime?
False
Is 357081 prime?
False
Is 9647 a prime number?
False
Is 73327 a composite number?
False
Is 2071 a prime number?
False
Is 2019 a composite number?
True
Is 214841 prime?
False
Is 103709 a composite number?
True
Is 712279 composite?
False
Is 1488787 compo